e -364 = h*i - 8*i. Let f = i + -47. What are the prime factors of f?
2, 11
Let t(o) = -o**3 - 16*o**2 + 3. Let y be t(-16). Suppose -3*f - m + 50 = 0, 102 = 5*f - 0*m - y*m. What are the prime factors of f?
2, 3
Let f = -706 - -4028. What are the prime factors of f?
2, 11, 151
Let g(r) = 6*r. Let p be 2*((-12)/8 - -4). Let f = p + -2. What are the prime factors of g(f)?
2, 3
Let i = 1700 + -1204. What are the prime factors of i?
2, 31
Let z be 0 + 2 - (-4 - -2). Let h be z/(-14) + 242/14. What are the prime factors of h + 3 + 0 + -1?
19
Let j(u) = 2*u**2 + 1. Let w be j(-3). Let g = w - 13. Let p(i) = 2*i + 1. What are the prime factors of p(g)?
13
Let f = -2311 + 5736. List the prime factors of f.
5, 137
Suppose 3*c - 39 = -9. Let x be (c/(-20))/(2/(-16)). Suppose 75 + 61 = x*z. List the prime factors of z.
2, 17
Let j(y) = -y**3 - 17*y**2 - 15*y + 20. Let g be j(-16). Suppose -p = 5*t - 51, g*p - 4*t - 114 - 114 = 0. What are the prime factors of p?
2, 7
Let t be (3 + 0)*(1 + 0). Suppose t*o = 2*p - 2*o + 6, -5*p = -3*o + 34. Let c(i) = i**2 + 3*i - 7. What are the prime factors of c(p)?
3, 11
Let u(o) = -2*o**2 + 2*o + 473. Let k be u(0). Let r = k - 285. List the prime factors of r.
2, 47
Suppose 0 = -2*p + 4*p - 2*l - 12210, -30518 = -5*p - 2*l. What are the prime factors of p?
2, 7, 109
List the prime factors of 166/(-249)*(-19146)/4.
3191
Let b(o) = -o**3 - 4*o**2 - 4*o + 1. Let j be b(-3). Suppose 0*c - j*q + 68 = 4*c, 8 = -4*q. Let l = c + 32. List the prime factors of l.
3, 17
Suppose -g + 4*u = 21 - 3, -5*u - 45 = g. List the prime factors of (-7 + -2)/(2 - (-69)/g).
2, 3, 5
Let k(b) = -b**2 + 7*b + 10. Let p be k(8). Suppose 9 - 1 = -2*n - p*o, 2*n + 4*o = -18. Let w = n - -24. List the prime factors of w.
5
Suppose 2*z - 2 = 0, -7 = -4*a + 2*z + 7. Suppose 2*i = -3*i - 4*o - 44, 44 = -a*i - o. Let j = i - -32. List the prime factors of j.
2, 5
Suppose -4*b = -5*j + 7, -4*j - b = -13 - 1. Suppose -2*n - t = j - 0, -n - 2*t = 0. List the prime factors of (1/2)/(n/(-100)).
5
Let v(l) = 13*l**2 + 25*l + 27. List the prime factors of v(-10).
3, 359
Let m(z) = 3*z**3 - 3*z**2 + 16. List the prime factors of m(7).
2, 449
Suppose 3*u - 1565 = 4*r + 607, -2918 = -4*u - 2*r. What are the prime factors of u?
2, 7, 13
Let a be (3 + (-3 - -99))*3/9. Suppose 2*t = a + 1. What are the prime factors of t?
17
Let x = 16 + -13. Suppose -6 + 911 = 3*q + 5*i, 0 = -x*q - 3*i + 897. Suppose 4*u + q = 9*u. What are the prime factors of u?
59
Let y be (1 - 11)*(-3)/6. Suppose -3*l = l. Suppose -4*a - 16 = -t - 0, t - y*a - 17 = l. What are the prime factors of t?
2, 3
Let i(b) = 10*b + 0 - 3 - 7*b. Let w be i(7). Suppose w*z - 15*z - 66 = 0. List the prime factors of z.
2, 11
Suppose c + 0*c - 5 = 0. Suppose c*b = -4*i + 265 + 276, 546 = 5*b - i. List the prime factors of b.
109
Let i = 245 - 201. Let x be (0 + -8)*2/(-2). Suppose 4*b = i - x. List the prime factors of b.
3
Let i(k) = -5*k + 2. Let z(v) = -v**3 + 16*v**2 - 2*v + 30. Let r be z(16). List the prime factors of i(r).
2, 3
Suppose 5*n - 2*i = -6, -4*i + 15 = 2*n + i. Let g be 20*3*3/9. Suppose 3*m + m - g = n. What are the prime factors of m?
5
Let u(z) = 2*z**3 - 7*z**2 - 12*z - 10. Let y(t) = t**3 - 6*t**2 - 11*t - 10. Let d(o) = -4*u(o) + 5*y(o). What are the prime factors of d(-4)?
2, 89
Let g(o) = -6*o**2 + 95*o + 3. List the prime factors of g(11).
2, 7, 23
Let l be (-6)/(4/2 + 35/(-10)). Suppose 114 = -l*g + 7*g. List the prime factors of g.
2, 19
Suppose -5*t = -5*i - 1100, 428 = -i - i - t. Let m = i + 563. List the prime factors of m.
347
Let u be 1 + ((-4)/(-2))/1. Suppose 2*j + 35 = u*j - f, 9 = 3*f. List the prime factors of j.
2, 19
List the prime factors of 60/18*(-18)/(-15) + 513.
11, 47
Suppose -7133 = -9*o + 7177. List the prime factors of o.
2, 3, 5, 53
Let x(c) = 18*c**2 - 16*c - 47. What are the prime factors of x(-7)?
947
List the prime factors of -24 - (-24 - -7) - (-2681 + 1).
3, 11
Let f(a) = 7*a + 4*a - a**2 - 4*a. Let x(t) = -t**3 + 6*t**2 + 3*t - 34. Let g be x(5). What are the prime factors of f(g)?
2, 3
Suppose 172 - 8 = 4*o. Suppose -1 = -h + o. What are the prime factors of h?
2, 3, 7
Let i(w) = -1 - 2*w**3 - 3 + 0*w**2 - 2*w + 2 + w**2. Let b = -5 + 3. What are the prime factors of i(b)?
2, 11
Let c be (-6)/(-39) - (-126)/26. Suppose 5*r - 124 = 81. Suppose q + c*x = 9, -3*q - 3*x = -4*q + r. What are the prime factors of q?
29
Let y = 8 - 3. Let q = -98 + 102. Suppose g = 2*x + 3 + 14, -q*g = y*x - 16. List the prime factors of g.
3
Suppose o = 3*u - o + 16, 4*u - 3*o + 22 = 0. Let r(k) = -k**3 + k**2 - 2. List the prime factors of r(u).
2, 3, 13
Let b be 25/(-3) + 6/18. Let v be 144/2 - (b - -10). Let p = v + -48. What are the prime factors of p?
2, 11
Let f(g) = g**3 + 7*g**2 + 5*g. Let m be f(-6). List the prime factors of m + 0 - (1 - (-4)/2).
3
Let l be 28/(21/6 + -3). Suppose 2*c - c + 50 = s, s + c - l = 0. List the prime factors of s.
53
Let p(q) be the third derivative of q**4/8 + 4*q**3/3 - 8*q**2. Let o be p(2). Let x = 16 - o. List the prime factors of x.
2
Let z(d) = 2*d**2 - 8*d + 5. Let b be z(4). Suppose 0 = -b*w - 5*x + 35, w - 3*x = -0*w - 9. Suppose -w*c + 14 = -c. What are the prime factors of c?
7
Suppose f - 4*t - 454 = 736, -f + 1220 = 2*t. Suppose -5*i + f = -p, i + 242 = 2*i - p. What are the prime factors of i?
2, 11
Suppose 5*b + 5*a + 7 = -163, 0 = -b - 3*a - 28. Suppose -56 = -6*u + 280. Let q = u + b. What are the prime factors of q?
19
Let z be (-4)/(-12) + 19/(-3). Let t be z/16 + (-171)/(-72). List the prime factors of (t/3)/((-14)/(-945)).
3, 5
Suppose -9 = -4*k - 3*i, 5 = -3*k + i + 2. Suppose 2*g + 4*b = 384, 0 = 4*g - k*b - b - 804. List the prime factors of g.
2, 5
Let f = 11 + -8. Let z(v) = 6 - 6 - f + v. List the prime factors of z(6).
3
Let h be (-3)/(38/16 + -2). Let f(b) = -b**2 - 7*b + 11. Let l be f(h). Suppose -4*n = o - 49, l*o + 2*o = -n + 17. What are the prime factors of n?
2, 3
Let p(h) = h**3 + 18*h**2 + h + 22. Let c be p(-18). Suppose c*x - 108 = 3*g, 54 = 4*x - 4*g - 50. What are the prime factors of x?
2, 3, 5
Let a(r) be the third derivative of -25*r**4/24 - r**3/6 - 23*r**2. What are the prime factors of a(-5)?
2, 31
Let j(g) = g**2 - 9*g - 14. What are the prime factors of j(28)?
2, 7, 37
Suppose -4*q + 0*f = f - 9, 4*f = -3*q + 10. Let l be ((-3)/6)/(q/4). List the prime factors of (4 - l)*(-7)/(-7).
5
Let z = 89 - 59. Let h = z - 6. Let c = 46 - h. What are the prime factors of c?
2, 11
Let a(i) = 11*i**2 + 13*i - 47. What are the prime factors of a(-16)?
13, 197
Suppose -5*r + 5*v = -1005, 311 + 88 = 2*r + v. What are the prime factors of r?
2, 5
Let c be (-24 + -4)*(-3)/((-6)/(-76)). Suppose 896 + c = 7*j. What are the prime factors of j?
2, 5, 7
Let v(m) = -2*m**3 + m**2 + m + 11. List the prime factors of v(-3).
71
Let y(c) = c**3 - 3*c**2 - 5*c + 10. Let r be y(4). Let j = r + -3. Suppose 0 = -h, 4*b - 17 = j*b + 5*h. What are the prime factors of b?
17
Let k(v) = v**3 + 18*v**2 - 11*v + 25. Let l be ((-2)/(-5))/((-896)/(-180) - 5). List the prime factors of k(l).
223
Suppose 2*q + 2 = -4*j, 2*q = -3*j - 1 - 1. Let v be (-32)/6 + (-2)/(-6). Let k = q - v. List the prime factors of k.
2
Let k(u) = u**2 + u + 7. Let m be k(0). Let v(w) = -4*w**3 + 2*w + 1 + m*w**2 + 2 + 3*w**3. What are the prime factors of v(7)?
17
What are the prime factors of ((-552)/18 - 7)*(-12)/2?
2, 113
Let m be (-2691)/(-26) + (-1)/(-2). Let z = m - 53. What are the prime factors of z?
3, 17
Let a(l) be the third derivative of 8*l**2 + 0 + 1/30*l**6 + 0*l**5 + 0*l + 1/24*l**4 - 1/3*l**3. What are the prime factors of a(2)?
2
Suppose 1311 = 3*b + 3*k, 2*b + 5*k - 1307 + 418 = 0. List the prime factors of b.
2, 3
Let i(a) = a**2 - 15*a - 15. Let p(o) = -3*o**2 + 30*o + 29. Let g(r) = -5*i(r) - 2*p(r). Let v be g(-16). Let l = v + -25. What are the prime factors of l?
2
Let u = -3 + 7. Suppose s - 15 = -u*s. Suppose -s*l - 2*i = -79, 0*l + l - 33 = i. What are the prime factors of l?
29
Suppose x = -5*x + 31728. What are the prime factors of x?
2, 661
Let j = 19 + -222. What are the prime factors of (2 - 0)/((-7)/j)?
2, 29
Suppose -4*s + 8*s = -20. Let y(u) = 2*u**2 - 6*u - 7. List the prime factors of y(s).
73
Suppos